{"id":174,"date":"2016-07-05T11:45:41","date_gmt":"2016-07-05T11:45:41","guid":{"rendered":"http:\/\/z-ine.de\/_promo\/worfglaskugeln\/?page_id=174"},"modified":"2018-11-07T14:47:22","modified_gmt":"2018-11-07T14:47:22","slug":"glaszylinder","status":"publish","type":"page","link":"https:\/\/worf.de\/wordpress\/produkte\/glaszylinder\/","title":{"rendered":"Glaszylinder, Glasrohre offen oder mit Boden"},"content":{"rendered":"<p>&nbsp;<\/p>\n<p>Unsere Kunden haben absolutes Vertrauen in die Glaszylinder, die wir liefern.<\/p>\n<p>Durch jahrzehntelange Entwicklung und know how k\u00f6nnen wir die Probleme, die durch das Arbeiten mit Glas entstehen, fast komplett ausschlie\u00dfen. Unsere Glaszylinder sind aus neutralem Borosilikatglas (1. Hydrolytische Klasse) gefertigt, welches Schock resistent und chemisch widerstandsf\u00e4hig ist.<\/p>\n<p>Glaszylinder werden in verschiedenen Anwendungen eingesetzt: z.B. in Forschung, Medizin oder als Sichtglas in der Industrie. Sie werden dort eingesetzt, wo unter Druck verschiedener thermischer oder chemischer Faktoren eine Sichtbarkeit w\u00e4hrend des Prozesses im System gew\u00e4hrleistet sein muss.<\/p>\n<p>Wir entwickeln zusammen mit unseren Kunden L\u00f6sungen f\u00fcr verschiedene Anwendungen. Unsere Zylinder erf\u00fcllen spezielle Durchmesser bzw. Toleranz Anforderungen.<\/p>\n<p>Unsere Pr\u00e4zisionsglaszylinder \u2013 z.B. f\u00fcr Dispenser oder B\u00fcretten &#8211; erfordern eine sehr hohe Genauigkeit. Im Au\u00dfenbereich k\u00f6nnen wir Tolerenzen von \u00b1 4 \u00b5m erreichen mit einer Rauhtiefe von Ra 0,6 \u00b5m. Von 5 bis 35 mm \u00d8 au\u00dfen k\u00f6nnen wir eine Innendurchmesser Toleranz von 5 \u00b5m halten ohne die Glastransparenz zu verlieren.<\/p>\n<p>Diese Pr\u00e4zision wird mit speziellem Equipment erreicht und jedes Teil unterliegt einer strengen Qualit\u00e4tskontrolle mit h\u00f6chsten Anforderungen auf jeder Produktionsstufe.<\/p>\n<p>Das Endprodukt wird in einem besonderen Ofen getempert um so ein Maximum an Stabilit\u00e4t f\u00fcr das Glas zu erzielen.<\/p>\n<p>Rufen Sie uns einfach an (Tel.<a href=\"http:\/\/&lt;a href=&quot;tel:+496136955120&quot;&gt;+49 (0)6136955120&lt;\/a&gt;\"> 06136 955120<\/a>) oder schicken Sie eine E-Mail an <a href=\"mailto:anfrage@worf.de\">anfrage@worf.de<\/a><\/p>\n<p>Wir versichern beste Produktqualit\u00e4t auf h\u00f6chstem Niveau zu\u00a0fairen Marktpreisen.<\/p>\n","protected":false},"excerpt":{"rendered":"<p>&nbsp; Unsere Kunden haben absolutes Vertrauen in die Glaszylinder, die wir liefern. Durch jahrzehntelange Entwicklung und know how k\u00f6nnen wir die Probleme, die durch das Arbeiten mit Glas entstehen, fast komplett ausschlie\u00dfen. Unsere Glaszylinder sind aus neutralem Borosilikatglas (1. Hydrolytische Klasse) gefertigt, welches Schock resistent und chemisch widerstandsf\u00e4hig ist. Glaszylinder werden in verschiedenen Anwendungen eingesetzt: [&hellip;]<\/p>\n","protected":false},"author":1,"featured_media":0,"parent":8,"menu_order":0,"comment_status":"closed","ping_status":"closed","template":"","meta":[],"_links":{"self":[{"href":"https:\/\/worf.de\/wordpress\/wp-json\/wp\/v2\/pages\/174"}],"collection":[{"href":"https:\/\/worf.de\/wordpress\/wp-json\/wp\/v2\/pages"}],"about":[{"href":"https:\/\/worf.de\/wordpress\/wp-json\/wp\/v2\/types\/page"}],"author":[{"embeddable":true,"href":"https:\/\/worf.de\/wordpress\/wp-json\/wp\/v2\/users\/1"}],"replies":[{"embeddable":true,"href":"https:\/\/worf.de\/wordpress\/wp-json\/wp\/v2\/comments?post=174"}],"version-history":[{"count":20,"href":"https:\/\/worf.de\/wordpress\/wp-json\/wp\/v2\/pages\/174\/revisions"}],"predecessor-version":[{"id":363,"href":"https:\/\/worf.de\/wordpress\/wp-json\/wp\/v2\/pages\/174\/revisions\/363"}],"up":[{"embeddable":true,"href":"https:\/\/worf.de\/wordpress\/wp-json\/wp\/v2\/pages\/8"}],"wp:attachment":[{"href":"https:\/\/worf.de\/wordpress\/wp-json\/wp\/v2\/media?parent=174"}],"curies":[{"name":"wp","href":"https:\/\/api.w.org\/{rel}","templated":true}]}}