{"id":231,"date":"2016-07-19T13:39:32","date_gmt":"2016-07-19T13:39:32","guid":{"rendered":"http:\/\/worf.de\/wordpress\/?page_id=231"},"modified":"2020-07-08T14:34:09","modified_gmt":"2020-07-08T14:34:09","slug":"praezisionsglaskugeln","status":"publish","type":"page","link":"https:\/\/worf.de\/wordpress\/produkte\/praezisionsglaskugeln\/","title":{"rendered":"Pr\u00e4zisionskugeln aus Glas nach Ma\u00df"},"content":{"rendered":"\n\t\t<style type=\"text\/css\">\n\t\t\t#gallery-1 {\n\t\t\t\tmargin: auto;\n\t\t\t}\n\t\t\t#gallery-1 .gallery-item {\n\t\t\t\tfloat: left;\n\t\t\t\tmargin-top: 10px;\n\t\t\t\ttext-align: center;\n\t\t\t\twidth: 25%;\n\t\t\t}\n\t\t\t#gallery-1 img {\n\t\t\t\tborder: 2px solid #cfcfcf;\n\t\t\t}\n\t\t\t#gallery-1 .gallery-caption {\n\t\t\t\tmargin-left: 0;\n\t\t\t}\n\t\t\t\/* see gallery_shortcode() in wp-includes\/media.php *\/\n\t\t<\/style>\n\t\t<div id='gallery-1' class='gallery galleryid-231 gallery-columns-4 gallery-size-medium'><dl class='gallery-item'>\n\t\t\t<dt class='gallery-icon landscape'>\n\t\t\t\t<img width=\"300\" height=\"200\" src=\"https:\/\/worf.de\/wordpress\/wp-content\/uploads\/2016\/04\/Produkt_006-300x200.jpg\" class=\"attachment-medium size-medium\" alt=\"\" loading=\"lazy\" aria-describedby=\"gallery-1-107\" srcset=\"https:\/\/worf.de\/wordpress\/wp-content\/uploads\/2016\/04\/Produkt_006-300x200.jpg 300w, https:\/\/worf.de\/wordpress\/wp-content\/uploads\/2016\/04\/Produkt_006-768x512.jpg 768w, https:\/\/worf.de\/wordpress\/wp-content\/uploads\/2016\/04\/Produkt_006-1024x683.jpg 1024w, https:\/\/worf.de\/wordpress\/wp-content\/uploads\/2016\/04\/Produkt_006.jpg 1200w\" sizes=\"(max-width: 300px) 100vw, 300px\" \/>\n\t\t\t<\/dt>\n\t\t\t\t<dd class='wp-caption-text gallery-caption' id='gallery-1-107'>\n\t\t\t\tPr\u00e4zisionskugeln\n\t\t\t\t<\/dd><\/dl><dl class='gallery-item'>\n\t\t\t<dt class='gallery-icon landscape'>\n\t\t\t\t<img width=\"300\" height=\"200\" src=\"https:\/\/worf.de\/wordpress\/wp-content\/uploads\/2016\/04\/Produkt_034-300x200.jpg\" class=\"attachment-medium size-medium\" alt=\"\" loading=\"lazy\" aria-describedby=\"gallery-1-135\" srcset=\"https:\/\/worf.de\/wordpress\/wp-content\/uploads\/2016\/04\/Produkt_034-300x200.jpg 300w, https:\/\/worf.de\/wordpress\/wp-content\/uploads\/2016\/04\/Produkt_034-768x512.jpg 768w, https:\/\/worf.de\/wordpress\/wp-content\/uploads\/2016\/04\/Produkt_034-1024x683.jpg 1024w, https:\/\/worf.de\/wordpress\/wp-content\/uploads\/2016\/04\/Produkt_034.jpg 1200w\" sizes=\"(max-width: 300px) 100vw, 300px\" \/>\n\t\t\t<\/dt>\n\t\t\t\t<dd class='wp-caption-text gallery-caption' id='gallery-1-135'>\n\t\t\t\tAbstandshalter\n\t\t\t\t<\/dd><\/dl><dl class='gallery-item'>\n\t\t\t<dt class='gallery-icon landscape'>\n\t\t\t\t<img width=\"300\" height=\"200\" src=\"https:\/\/worf.de\/wordpress\/wp-content\/uploads\/2016\/04\/Produkt_037-300x200.jpg\" class=\"attachment-medium size-medium\" alt=\"\" loading=\"lazy\" srcset=\"https:\/\/worf.de\/wordpress\/wp-content\/uploads\/2016\/04\/Produkt_037-300x200.jpg 300w, https:\/\/worf.de\/wordpress\/wp-content\/uploads\/2016\/04\/Produkt_037-768x512.jpg 768w, https:\/\/worf.de\/wordpress\/wp-content\/uploads\/2016\/04\/Produkt_037-1024x683.jpg 1024w, https:\/\/worf.de\/wordpress\/wp-content\/uploads\/2016\/04\/Produkt_037.jpg 1200w\" sizes=\"(max-width: 300px) 100vw, 300px\" \/>\n\t\t\t<\/dt><\/dl><dl class='gallery-item'>\n\t\t\t<dt class='gallery-icon landscape'>\n\t\t\t\t<img width=\"300\" height=\"200\" src=\"https:\/\/worf.de\/wordpress\/wp-content\/uploads\/2016\/04\/Produkt_035-300x200.jpg\" class=\"attachment-medium size-medium\" alt=\"\" loading=\"lazy\" aria-describedby=\"gallery-1-136\" srcset=\"https:\/\/worf.de\/wordpress\/wp-content\/uploads\/2016\/04\/Produkt_035-300x200.jpg 300w, https:\/\/worf.de\/wordpress\/wp-content\/uploads\/2016\/04\/Produkt_035-768x512.jpg 768w, https:\/\/worf.de\/wordpress\/wp-content\/uploads\/2016\/04\/Produkt_035-1024x683.jpg 1024w, https:\/\/worf.de\/wordpress\/wp-content\/uploads\/2016\/04\/Produkt_035.jpg 1200w\" sizes=\"(max-width: 300px) 100vw, 300px\" \/>\n\t\t\t<\/dt>\n\t\t\t\t<dd class='wp-caption-text gallery-caption' id='gallery-1-136'>\n\t\t\t\tVentilkugeln\n\t\t\t\t<\/dd><\/dl><br style=\"clear: both\" \/>\n\t\t<\/div>\n\n<p>Ein wesentlicher Punkt f\u00fcr die Verwendung von Pr\u00e4zisionsglaskugeln ist der Anwendungszweck. Danach entscheidet sich, welches Glas und welche Toleranz f\u00fcr den Einsatz der Kugel notwendig ist.<br \/>\nPr\u00e4zisionskugeln aus Glas werden haupts\u00e4chlich in der Industrie, Pharmazie, Forschung, Elektrotechnik, Optik sowie Beleuchtungstechnik eingesetzt. Zum Beispiel mischen unsere Glaskugeln \u00d8 2,5 mm das Insulin in der Insulinpatrone auf oder werden als Ventilkugel in einen Ventilsitz eingebaut.<\/p>\n<p>Aufgrund ihrer g\u00fcnstigen Eigenschaften verarbeitet man haupts\u00e4chlich Borosilikatgl\u00e4ser, die durch eine geringe Empfindlichkeit gegen Temperaturwechsel sowie Formbest\u00e4ndigkeit bis ca. 550 C gekennzeichnet sind. Au\u00dferdem ist Borosilikatglas chemisch resistent und reagiert nicht katalytisch. Auf Anfrage bieten wir auch weitere Spezialgl\u00e4ser an.<\/p>\n<p>Bei uns erhalten Sie Pr\u00e4zisionskugeln ab einem Durchmesser von 0,25 mm mit einer G\u00fcte von Grade 3.<\/p>\n<p>Rufen Sie uns einfach an (Tel. <a href=\"http:\/\/&lt;a href=&quot;tel:+496136955120&quot;&gt;+49 (0)6136955120&lt;\/a&gt;\">06136 955120<\/a>) oder schicken Sie eine E-Mail an <a href=\"mailto:anfrage@worf.de\">anfrage@worf.de<\/a><\/p>\n","protected":false},"excerpt":{"rendered":"<p>Ein wesentlicher Punkt f\u00fcr die Verwendung von Pr\u00e4zisionsglaskugeln ist der Anwendungszweck. Danach entscheidet sich, welches Glas und welche Toleranz f\u00fcr den Einsatz der Kugel notwendig ist. Pr\u00e4zisionskugeln aus Glas werden haupts\u00e4chlich in der Industrie, Pharmazie, Forschung, Elektrotechnik, Optik sowie Beleuchtungstechnik eingesetzt. Zum Beispiel mischen unsere Glaskugeln \u00d8 2,5 mm das Insulin in der Insulinpatrone auf [&hellip;]<\/p>\n","protected":false},"author":1,"featured_media":134,"parent":8,"menu_order":0,"comment_status":"closed","ping_status":"closed","template":"","meta":[],"_links":{"self":[{"href":"https:\/\/worf.de\/wordpress\/wp-json\/wp\/v2\/pages\/231"}],"collection":[{"href":"https:\/\/worf.de\/wordpress\/wp-json\/wp\/v2\/pages"}],"about":[{"href":"https:\/\/worf.de\/wordpress\/wp-json\/wp\/v2\/types\/page"}],"author":[{"embeddable":true,"href":"https:\/\/worf.de\/wordpress\/wp-json\/wp\/v2\/users\/1"}],"replies":[{"embeddable":true,"href":"https:\/\/worf.de\/wordpress\/wp-json\/wp\/v2\/comments?post=231"}],"version-history":[{"count":14,"href":"https:\/\/worf.de\/wordpress\/wp-json\/wp\/v2\/pages\/231\/revisions"}],"predecessor-version":[{"id":407,"href":"https:\/\/worf.de\/wordpress\/wp-json\/wp\/v2\/pages\/231\/revisions\/407"}],"up":[{"embeddable":true,"href":"https:\/\/worf.de\/wordpress\/wp-json\/wp\/v2\/pages\/8"}],"wp:featuredmedia":[{"embeddable":true,"href":"https:\/\/worf.de\/wordpress\/wp-json\/wp\/v2\/media\/134"}],"wp:attachment":[{"href":"https:\/\/worf.de\/wordpress\/wp-json\/wp\/v2\/media?parent=231"}],"curies":[{"name":"wp","href":"https:\/\/api.w.org\/{rel}","templated":true}]}}