{"id":238,"date":"2016-07-19T13:56:46","date_gmt":"2016-07-19T13:56:46","guid":{"rendered":"http:\/\/worf.de\/wordpress\/?page_id=238"},"modified":"2018-11-07T14:48:39","modified_gmt":"2018-11-07T14:48:39","slug":"rohrbogen-aus-glas","status":"publish","type":"page","link":"https:\/\/worf.de\/wordpress\/produkte\/rohrbogen-aus-glas\/","title":{"rendered":"Rohrbogen und T-St\u00fccke aus Glas"},"content":{"rendered":"<p>Glasbogen sind wichtige Elemente f\u00fcr die Anwendung in der F\u00f6rderindustrie. Der Transport von Granulat und abrasiven Materialien ist ohne den Einsatz von Glasbogen in der modernen Industrie undenkbar. Mit Standzeiten, die wesentlich l\u00e4nger sind als Stahl sind Rohrbogen aus Glas unschlagbar im Vergleich zu Stahlbogen.<\/p>\n<p>Unsere Highlights:<br \/>\nGlasbogen in verschiedenen Durchmessern, Radien und Winkeln<br \/>\nGlasbogen als T-St\u00fcck<br \/>\nGlasbogen als Y-St\u00fcck<br \/>\nGlasbogen mit Kupferband<\/p>\n<p>Wir planen und entwickeln L\u00f6sungen gem\u00e4\u00df Ihren Anforderungen.<br \/>\nBei uns erhalten Sie glasklare Informationen \u00fcber Glasbogen.<\/p>\n<p>Rufen Sie uns einfach an (Tel. 06136 955120) oder schicken Sie eine E-Mail an <a href=\"mailto:anfrage@worf.de\">anfrage@worf.de<\/a><\/p>\n","protected":false},"excerpt":{"rendered":"<p>Glasbogen sind wichtige Elemente f\u00fcr die Anwendung in der F\u00f6rderindustrie. Der Transport von Granulat und abrasiven Materialien ist ohne den Einsatz von Glasbogen in der modernen Industrie undenkbar. Mit Standzeiten, die wesentlich l\u00e4nger sind als Stahl sind Rohrbogen aus Glas unschlagbar im Vergleich zu Stahlbogen. Unsere Highlights: Glasbogen in verschiedenen Durchmessern, Radien und Winkeln Glasbogen [&hellip;]<\/p>\n","protected":false},"author":1,"featured_media":0,"parent":8,"menu_order":0,"comment_status":"closed","ping_status":"closed","template":"","meta":[],"_links":{"self":[{"href":"https:\/\/worf.de\/wordpress\/wp-json\/wp\/v2\/pages\/238"}],"collection":[{"href":"https:\/\/worf.de\/wordpress\/wp-json\/wp\/v2\/pages"}],"about":[{"href":"https:\/\/worf.de\/wordpress\/wp-json\/wp\/v2\/types\/page"}],"author":[{"embeddable":true,"href":"https:\/\/worf.de\/wordpress\/wp-json\/wp\/v2\/users\/1"}],"replies":[{"embeddable":true,"href":"https:\/\/worf.de\/wordpress\/wp-json\/wp\/v2\/comments?post=238"}],"version-history":[{"count":5,"href":"https:\/\/worf.de\/wordpress\/wp-json\/wp\/v2\/pages\/238\/revisions"}],"predecessor-version":[{"id":324,"href":"https:\/\/worf.de\/wordpress\/wp-json\/wp\/v2\/pages\/238\/revisions\/324"}],"up":[{"embeddable":true,"href":"https:\/\/worf.de\/wordpress\/wp-json\/wp\/v2\/pages\/8"}],"wp:attachment":[{"href":"https:\/\/worf.de\/wordpress\/wp-json\/wp\/v2\/media?parent=238"}],"curies":[{"name":"wp","href":"https:\/\/api.w.org\/{rel}","templated":true}]}}