{"id":246,"date":"2016-07-19T13:46:31","date_gmt":"2016-07-19T13:46:31","guid":{"rendered":"http:\/\/worf.de\/wordpress\/?page_id=246"},"modified":"2018-11-07T14:48:19","modified_gmt":"2018-11-07T14:48:19","slug":"reflektoren","status":"publish","type":"page","link":"https:\/\/worf.de\/wordpress\/produkte\/reflektoren\/","title":{"rendered":"Reflektoren f\u00fcr Stra\u00dfenmarkierungen"},"content":{"rendered":"<p>Glaskugeln als Reflektoren in Stra\u00dfenmarkierungsn\u00e4geln sind wichtige Elemente der Stra\u00dfenausstattung. Denn sie machen durch optische Lichtreflexe auf Gefahren aufmerksam: An Baustellen oder als Fahrbahnmarkierungen erh\u00f6hen sie tempor\u00e4r oder dauerhaft die Verkehrssicherheit und sch\u00fctzen uns als Verkehrsteilnehmer. Glasreflektoren bringen Licht ins Dunkle.<\/p>\n<p>Unsere Reflektoren werden in unterschiedlichen Gr\u00f6\u00dfen und Farben gefertigt und in Kunststoffmarkierungsn\u00e4gel oder Markierungsn\u00e4gel aus Alu eingebaut. Sie zeichnen sich aus durch Resistenz gegen Salzeinwirkung, Luftfeuchtigkeit sowie Abrasion.<\/p>\n<p>Wir k\u00f6nnen dem Anspruch von hoher Produktqualit\u00e4t und marktgerechten Preisen entsprechen, denn wir arbeiten mit dem Qualit\u00e4tsmanagementsystem DIN EN ISO 9001\/2008.<\/p>\n<p>Rufen Sie uns einfach an (Tel. <a href=\"http:\/\/&lt;a href=&quot;tel:+496136955120&quot;&gt;+49 (0)6136955120&lt;\/a&gt;\">06136 955120<\/a>) oder schicken Sie eine E-Mail an <a href=\"mailto:anfrage@worf.de\">anfrage@worf.de<\/a><\/p>\n<p>Wenn Sie sich mit uns in Verbindung setzen, geben wir Ihnen glasklare Informationen.<\/p>\n","protected":false},"excerpt":{"rendered":"<p>Glaskugeln als Reflektoren in Stra\u00dfenmarkierungsn\u00e4geln sind wichtige Elemente der Stra\u00dfenausstattung. Denn sie machen durch optische Lichtreflexe auf Gefahren aufmerksam: An Baustellen oder als Fahrbahnmarkierungen erh\u00f6hen sie tempor\u00e4r oder dauerhaft die Verkehrssicherheit und sch\u00fctzen uns als Verkehrsteilnehmer. Glasreflektoren bringen Licht ins Dunkle. Unsere Reflektoren werden in unterschiedlichen Gr\u00f6\u00dfen und Farben gefertigt und in Kunststoffmarkierungsn\u00e4gel oder Markierungsn\u00e4gel [&hellip;]<\/p>\n","protected":false},"author":1,"featured_media":0,"parent":8,"menu_order":0,"comment_status":"closed","ping_status":"closed","template":"","meta":[],"_links":{"self":[{"href":"https:\/\/worf.de\/wordpress\/wp-json\/wp\/v2\/pages\/246"}],"collection":[{"href":"https:\/\/worf.de\/wordpress\/wp-json\/wp\/v2\/pages"}],"about":[{"href":"https:\/\/worf.de\/wordpress\/wp-json\/wp\/v2\/types\/page"}],"author":[{"embeddable":true,"href":"https:\/\/worf.de\/wordpress\/wp-json\/wp\/v2\/users\/1"}],"replies":[{"embeddable":true,"href":"https:\/\/worf.de\/wordpress\/wp-json\/wp\/v2\/comments?post=246"}],"version-history":[{"count":6,"href":"https:\/\/worf.de\/wordpress\/wp-json\/wp\/v2\/pages\/246\/revisions"}],"predecessor-version":[{"id":365,"href":"https:\/\/worf.de\/wordpress\/wp-json\/wp\/v2\/pages\/246\/revisions\/365"}],"up":[{"embeddable":true,"href":"https:\/\/worf.de\/wordpress\/wp-json\/wp\/v2\/pages\/8"}],"wp:attachment":[{"href":"https:\/\/worf.de\/wordpress\/wp-json\/wp\/v2\/media?parent=246"}],"curies":[{"name":"wp","href":"https:\/\/api.w.org\/{rel}","templated":true}]}}